213*k - 82860. Calculate i(389).
-3
Let i(d) = d**3 + 10*d**2 - 82662*d - 413440. Determine i(-5).
-5
Let g(j) = -1723*j - 30617. Give g(-17).
-1326
Let t(s) = s**2 - 3426*s + 68183. Calculate t(20).
63
Let w(l) = 20*l**2 - 600*l + 16. Determine w(31).
636
Let u(t) = 535*t - 53320. Determine u(100).
180
Let y(g) = g**3 - 483*g**2 + 2457*g - 719062. Calculate y(481).
33
Let h(d) = 30*d**3 - 11*d**2 + 49*d + 156. Determine h(-3).
-900
Let f(a) = -2040*a + 63407. Give f(31).
167
Let y(f) = 3*f**2 - 285*f - 146. Calculate y(98).
736
Let y(z) = z**2 + 18*z - 965. Calculate y(-57).
1258
Let g(a) = 86*a**3 + 11951*a**2 - 423*a - 852. Calculate g(-139).
-18
Let z(s) = s**2 - 875*s + 66430. Calculate z(84).
-14
Let p(v) = -158*v + 4032. What is p(26)?
-76
Let v(d) = -41*d**2 + 28259*d - 35068. Determine v(688).
20
Let x(n) = -7*n**3 + 179*n**2 - 106*n + 157. What is x(25)?
7
Let p(b) = -40*b**3 - 110*b**2 + 212*b + 12. Give p(2).
-324
Let j(g) = -1005*g - 4769. Give j(-5).
256
Let y(g) = -3*g**2 + 876*g + 2624. Determine y(-3).
-31
Let b(i) = -198246*i - 792928. Calculate b(-4).
56
Let f(n) = -81166*n + 730503. Give f(9).
9
Let f(n) = -n**2 + 280*n - 15977. Give f(219).
-2618
Let p(t) = -164*t + 6620. What is p(47)?
-1088
Let d(m) = 770*m - 1109. Give d(1).
-339
Let m(w) = 37*w**2 + 922*w + 421. What is m(0)?
421
Let d(v) = 2985287*v - 5970571. What is d(2)?
3
Let f(l) = -137*l**3 - 1918*l**2 + 25*l + 364. Calculate f(-14).
14
Let u(y) = 643*y - 30771. Give u(48).
93
Let y(w) = -w**2 + 130291*w - 4819405. Give y(37).
-7
Let v(f) = -374923*f + 1124679. Calculate v(3).
-90
Let s(a) = 3*a**2 + 129*a - 11802. Give s(-88).
78
Let q(n) = 17*n**3 - 3551*n**2 - 3596*n - 44. Give q(-1).
-16
Let s(j) = -4*j**3 - 17*j**2 - 33208*j - 33193. Give s(-1).
2
Let u(r) = 2*r**2 - 230*r - 19763. What is u(172)?
-155
Let p(k) = k**2 + 50*k - 2904. Give p(-85).
71
Let t(m) = -133*m**2 + 1189*m + 12083. Determine t(15).
-7
Let d(c) = -118492*c - 1421893. What is d(-12)?
11
Let o(y) = y**3 + 13*y**2 - 122*y - 3185. Determine o(-21).
-4151
Let l(w) = -29*w**3 - 14*w**2 + 150*w + 167. Calculate l(-1).
32
Let i(p) = 2*p**3 + 311*p**2 + 6313*p - 5. Determine i(-24).
-29
Let m(y) = -y**3 - 202*y**2 - 1351*y + 1734. Calculate m(-195).
-996
Let l(n) = 499*n**2 - 8964*n - 1. What is l(18)?
323
Let n(u) = u**3 + 13*u**2 - 581*u - 77. What is n(-33)?
-2684
Let z(a) = 2*a**3 + 167*a**2 - 419*a + 412. Determine z(-86).
-534
Let x(s) = s**3 - 37*s**2 + 298*s - 229. Give x(25).
-279
Let m(k) = -8650*k - 207623. What is m(-24)?
-23
Let b(k) = 8*k**3 - 13*k**2 + 279*k - 752. Give b(3).
184
Let n(g) = -g**3 - 253*g - 1746. Give n(-6).
-12
Let k(i) = 44085*i + 176341. What is k(-4)?
1
Let f(w) = -10*w**3 + 9*w**2 - 75*w - 21. Determine f(5).
-1421
Let y(z) = -2*z**2 + 141*z + 307597. Calculate y(429).
4
Let o(d) = -498*d - 5562. Give o(-11).
-84
Let m(s) = -151*s - 3441. Give m(-13).
-1478
Let x(a) = 587*a - 103063. What is x(174)?
-925
Let c(t) = -4*t**2 + 66*t + 3011. What is c(37)?
-23
Let k(q) = q**3 + 4*q**2 - 179*q - 1689. What is k(-11)?
-567
Let l(u) = -21*u**2 - 66974*u + 66990. Determine l(1).
-5
Let w(j) = 52526*j - 81. What is w(0)?
-81
Let a(v) = 286*v**2 - 3169*v + 27. Give a(11).
-226
Let a(n) = -215*n + 41688. Give a(194).
-22
Let i(x) = 97421*x - 194879. Calculate i(2).
-37
Let f(w) = -966*w - 4495. Give f(-5).
335
Let k(j) = -7*j**3 - 32*j**2 - 25*j - 44. Determine k(-4).
-8
Let n(s) = s**2 - 1541*s + 27355. Determine n(18).
-59
Let j(m) = 3*m**3 + 36*m**2 - 174*m + 90. What is j(-17)?
-1287
Let j(i) = -5*i**2 + 3965*i + 215187. What is j(844)?
-33
Let c(x) = -933*x - 345207. Determine c(-370).
3
Let z(v) = 713*v - 131470. Give z(185).
435
Let h(o) = -59*o**3 + 197*o**2 + 27*o - 70. What is h(3)?
191
Let b(a) = -97855*a - 4. Give b(0).
-4
Let n(m) = 5132*m - 1960429. Determine n(382).
-5
Let j(s) = s**3 - 516*s**2 + 2547*s + 4087. Give j(511).
-1
Let z(h) = h**3 - 12*h**2 + 3665*h - 29056. Give z(8).
8
Let a(i) = -i**3 - 1063*i**2 + 1222*i - 158. Calculate a(1).
0
Let s(l) = -3616*l - 65108. Give s(-18).
-20
Let b(j) = -5*j**2 - 709*j + 7387. Determine b(10).
-203
Let q(h) = h**2 - 101*h + 1602. What is q(83)?
108
Let d(v) = -917*v**2 - 6424*v + 44. Determine d(-7).
79
Let k(s) = 1537*s - 318434. Calculate k(207).
-275
Let y(k) = 68044*k - 408283. What is y(6)?
-19
Let i(c) = c**3 - 41*c**2 + 43*c - 342. Determine i(41).
1421
Let v(t) = -293*t - 6229. Calculate v(-23).
510
Let w(g) = -223*g - 18661. Calculate w(-85).
294
Let z(w) = -154*w - 24280. Determine z(-158).
52
Let w(g) = 86352*g + 259062. Determine w(-3).
6
Let r(d) = 479766*d + 4797663. Calculate r(-10).
3
Let m(a) = 24*a**2 + 185*a + 336. Give m(-13).
1987
Let t(u) = 634*u**2 + 36142*u + 157. What is t(-57)?
-71
Let a(j) = 2*j**2 - 861*j - 4390. What is a(-5)?
-35
Let h(i) = -i**3 + 21*i**2 + 4009*i + 17175. What is h(-51)?
-12
Let u(h) = h**3 + 44*h**2 + 137*h + 537. What is u(-41)?
-37
Let d(o) = 3*o**2 - 66*o - 2865. Calculate d(-28).
1335
Let n(q) = 2*q**3 - 52*q**2 + 14*q - 1064. Give n(26).
-700
Let d(t) = -98947*t + 16820996. What is d(170)?
6
Let b(u) = -2*u**3 + 623*u**2 + 8121*u - 6802. Calculate b(324).
2
Let g(d) = -3625*d + 3976. Give g(1).
351
Let u(a) = 8*a**3 - 6*a**2 - 30*a + 423. Give u(6).
1755
Let x(y) = -15708*y + 156974. Calculate x(10).
-106
Let v(x) = 37*x + 4734. What is v(-133)?
-187
Let b(a) = -1907*a - 953536. Determine b(-500).
-36
Let z(n) = 89*n**2 + 1388*n + 41. What is z(-15)?
-754
Let j(w) = -23*w**2 + 2012*w + 10015. Determine j(-5).
-620
Let j(a) = 2*a**3 + 105*a**2 - 55*a - 40. What is j(-53)?
66
Let n(a) = 171118*a + 171137. Give n(-1).
19
Let l(d) = -d**2 + 229*d - 8734. Determine l(50).
216
Let b(g) = -g**3 - 210*g**2 - 8325*g - 661. What is b(-157)?
-33
Let d(q) = -q**3 - 77*q**2 - 485*q + 128. Calculate d(-70).
-222
Let i(t) = 3509*t + 417571. Determine i(-119).
0
Let m(k) = 4104*k - 86235. Calculate m(21).
-51
Let d(y) = 3309*y + 142315. Calculate d(-43).
28
Let j(x) = 54934*x + 8. What is j(0)?
8
Let n(c) = 786610*c + 15732203. What is n(-20)?
3
Let q(x) = -9221*x - 728464. Determine q(-79).
-5
Let c(h) = 10*h**2 + 157*h - 15500. Give c(-48).
4
Let y(c) = -102627*c - 718370. Determine y(-7).
19
Let r(b) = -15*b**2 - 128*b - 127. Give r(-1).
-14
Let u(l) = 78*l**2 + 3*l + 11. Give u(-9).
6302
Let q(j) = -4070*j - 1811228. Calculate q(-445).
-78
Let d(c) = c**3 - c**2 - 21*c + 71. Give d(8).
351
Let d(t) = -36*t**3 + 28*t**2 + 29*t - 2. Determine d(-1).
33
Let y(l) = -4*l**3 - 200*l**2 + 1097*l - 7. Determine y(5).
-22
Let n(t) = -8796*t - 35188. What is n(-4)?
-4
Let m(d) = -3*d**3 + d**2 - 411*d - 4465. What is m(0)?
-4465
Let d(n) = -4*n**3 + 22*n**2 - 1593*n + 8001. Calculate d(5).
86
Let p(r) = 782*r - 4279. Calculate p(5).
-369
Let g(j) = -j**3 - 16*j**2 + 315*j + 4065. Calculate g(-11).
-5
Let r(m) = -99*m + 2053. Give r(14).
667
Let k(b) = -1377*b**2 + 23425*b - 252. Determine k(17).
20
Let d(j) = j**3 + 329*j**2 - 5376*j + 49685. What is d(-345)?
5
Let p(d) = d**3 - 368*d**2 + 4357*d - 13. Determine p(12).
1007
Let l(o) = 9442*o - 5287513. Give l(560).
7
Let y(t) = t**2 + 12153*t - 170327. Determine y(14).
11
Let l(q) = -2*q**3 - 112*q**2 + 87*q + 4851. What is l(-56)?
-21
Let b(n) = -284*n**2 - 1872*n + 806. Determine b(-7).
-6
Let u(j) = -2227*j + 62198. Give u(28).
-158
Let h(b) = 2*b**2 + 145*b + 1932. Determine h(-55).
7
Let q(o) = o**2 - 664*o + 13751. Give q(21).
248
Let m(s) = -s**3 + 50*s**2 + 99*s - 2763. Give m(51).
-315
Let k(l) = -l**3 + 25*l**2 - 579*l + 19874. Calculate k(29).
-281
Let d(h) = -h**3 + 20*h**2 - 244*h + 4313. Give d(18).
569
Let n(v) = 3*v**2 - 44*v - 171. Give n(-16).
1301
Let k(r) = 7*r**3 + 517*r**2 - 96*r - 23. Determine k(-74).
1605
Let q(o) = -7*o**3 - 502*o**2 + 174*o + 2098. What is q(-72)?
-62
Let o(g) = 768*g**3 + 4*g**2 + 12*g + 8. Calculate o(-1).
-768
Let r(m) = 73864*m + 73860. What is r(-1)?
-4
Let j(u) = -47*u**2 + 390*u + 972. Determine j(-2).
4
Let v(h) = 3*h**2 + 34917*h - 174659. Give v(5).
1
Let c(z) = -658*z - 3731. Determine c(-3).
-1757
Let n(o) = -60*o**2 - 463*o - 886. Determine n(-4).
6
Let y(m) = 349*m + 6939. Determine y(-20).
-41
Let t(z) = -12*z**3 - 20*z**2 - 64*z + 17. What is t(-4)?
721
Let c(a) 